5.
-2356
What is 550 (base 10) in base 6?
2314
-44 (base 8) to base 2
-100100
What is 131211 (base 4) in base 12?
1119
daa (base 14) to base 2
101010001010
Convert 20fd (base 16) to base 12.
4a79
What is 1311 (base 6) in base 8?
513
-64317 (base 8) to base 13
-c29c
Convert -5287 (base 13) to base 11.
-8655
What is -17194 (base 12) in base 3?
-1200101111
What is -cb (base 13) in base 10?
-167
What is 130433 (base 7) in base 8?
57246
What is 894 (base 15) in base 16?
793
What is -315 (base 15) in base 6?
-3115
36 (base 7) to base 3
1000
Convert 2131322 (base 4) to base 14.
397c
Convert -333 (base 5) to base 6.
-233
What is 829 (base 14) in base 8?
3105
Convert 4949 (base 12) to base 3.
102100010
-130002 (base 5) to base 9
-6767
142 (base 10) to base 14
a2
What is 31322 (base 4) in base 15?
3e5
Convert 572 (base 9) to base 2.
111010110
33661 (base 11) to base 12
24231
18ee (base 15) to base 11
4069
-10233 (base 5) to base 2
-1010110101
Convert 12d1 (base 16) to base 10.
4817
What is -1555 (base 6) in base 9?
-528
26415 (base 7) to base 13
32a9
Convert -1101242 (base 5) to base 13.
-8816
Convert 134311 (base 5) to base 13.
2704
Convert -a9 (base 11) to base 6.
-315
Convert 11a (base 14) to base 13.
13c
What is -1664 (base 8) in base 5?
-12243
What is 110000000 (base 2) in base 7?
1056
What is 1011100101011 (base 2) in base 14?
2239
Convert 72a (base 12) to base 3.
1102121
What is 4045 (base 6) in base 8?
1575
Convert -1111000001111 (base 2) to base 6.
-55343
Convert -48 (base 12) to base 7.
-110
155b3 (base 12) to base 13
109b6
Convert -11011 (base 9) to base 7.
-30166
What is 6559 (base 10) in base 16?
199f
Convert 22450 (base 8) to base 2.
10010100101000
Convert -2bd0 (base 15) to base 3.
-110220220
-5560 (base 7) to base 6
-13134
What is 206 (base 9) in base 13?
cc
-6d2 (base 15) to base 7
-4340
What is 226b0 (base 12) in base 13?
17b98
Convert -518 (base 11) to base 4.
-21300
Convert -1b2 (base 12) to base 13.
-185
-2411 (base 10) to base 7
-10013
What is -125616 (base 8) in base 7?
-242020
-11010100111 (base 2) to base 11
-1309
17b6 (base 13) to base 2
110111001001
Convert 130 (base 6) to base 8.
66
Convert -32638 (base 9) to base 14.
-7c74
Convert 23121 (base 6) to base 10.
3289
290 (base 12) to base 10
396
Convert 87a (base 13) to base 5.
21303
What is 111001010 (base 2) in base 8?
712
What is 5255 (base 6) in base 16?
4a3
-30213 (base 4) to base 6
-3423
What is -2303220 (base 4) in base 12?
-67a0
What is 3455 (base 15) in base 14?
4093
What is 24381 (base 9) in base 12?
956a
What is -38b (base 13) in base 12?
-43a
373 (base 12) to base 5
4034
Convert -6136 (base 7) to base 12.
-129a
Convert -126170 (base 8) to base 7.
-242503
203 (base 5) to base 6
125
-11000011011 (base 2) to base 7
-4362
Convert 11220211 (base 3) to base 10.
3586
Convert 1696 (base 10) to base 6.
11504
10000001000100 (base 2) to base 14
3020
Convert 997 (base 15) to base 9.
2867
What is 2257 (base 10) in base 8?
4321
What is -1113322 (base 4) in base 7?
-22255
Convert 317 (base 10) to base 12.
225
5045 (base 6) to base 12
785
What is -240 (base 15) in base 16?
-1fe
-a76 (base 16) to base 7
-10544
1024 (base 7) to base 6
1401
Convert -1443 (base 10) to base 7.
-4131
What is 8521 (base 9) in base 14?
23cc
Convert -32322 (base 4) to base 11.
-798
What is -1239 (base 13) in base 4?
-220113
1254 (base 12) to base 13
c40
What is -30232 (base 6) in base 14?
-1644
What is -11021 (base 4) in base 8?
-511
What is -102010 (base 3) in base 15?
-150
What is 20003 (base 5) in base 9?
1642
What is 7a2 (base 13) in base 6?
10031
Convert 286 (base 12) to base 7.
1065
-31223 (base 4) to base 11
-726
What is -762 (base 16) in base 3?
-2121000
What is 19185 (base 14) in base 4?
33133001
-b12 (base 15) to base 14
-ca0
1634 (base 8) to base 11
770
2588 (base 13) to base 14
1d43
111111100 (base 2) to base 7
1324
Convert 43403 (base 5) to base 15.
d38
Convert b7c4 (base 14) to base 13.
11598
What is 1011 (base 2) in base 11?
10
What is 3024 (base 6) in base 13?
3c1
1106 (base 8) to base 3
210120
What is 20653 (base 9) in base 11?
a295
4233 (base 8) to base 3
10000121
-11000100010101 (base 2) to base 11
-9493
Convert -1040450 (base 6) to base 15.
-10629
What is -1a9a (base 16) in base 8?
-15232
What is -111210110 (base 3) in base 6?
-114320
-3232 (base 10) to base 11
-2479
3140 (base 5) to base 7
1140
Convert -1102102121 (base 3) to base 9.
-42377
What is -1656 (base 7) in base 6?
-3050
3000 (base 7) to base 12
719
72212 (base 10) to base 11
4a288
Convert -1fa (base 16) to base 13.
-2cc
Convert 837 (base 15) to base 12.
10a4
Convert 305 (base 9) to base 5.
1443
2331223 (base 4) to base 9
17577
What is 413002 (base 6) in base 9?
50302
Convert -228 (base 11) to base 12.
-1a8
-1342 (base 13) to base 2
-101011000110
-26516 (base 7) to base 12
-4152
Convert -23a6 (base 14) to base 5.
-144342
-1033010 (base 4) to base 7
-20516
14730 (base 8) to base 7
25201
33323120 (base 4) to base 8
177330
What is -75617 (base 9) in base 15?
-ec84
Convert -1002022102 (base 3) to base 16.
-5378
What is 1012 (base 3) in base 13?
26
What is -424262 (base 7) in base 2?
-10001111101001000
Convert -3100 (base 6) to base 4.
-22230
What is 13003 (base 5) in base 8?
1753
20120112 (base 3) to base 8
11271
-121333 (base 4) to base 9
-2247
Convert -999a (base 16) to base 7.
-222433
Convert 1182 (base 12) to base 3.
2200222
What is -44030 (base 5) in base 9?
-4120
What is -1332230 (base 4) in base 2?
-1111110101100
754 (base 14) to base 5
21241
What is 5431 (base 7) in base 13?
b59
-750 (base 8) to base 2
-111101000
100001111010 (base 2) to base 10
2170
Convert -111433 (base 7) to base 12.
-b537
What is 2150 (base 6) in base 11?
413
Convert -2131 (base 5) to base 15.
-146
1102333 (base 6) to base 4
31123101
Convert 829 (base 11) to base 12.
6b3
761 (base 12) to base 2
10000111001
What is 5bc (base 15) in base 12?
906
Convert -10201110 (base 3) to base 7.
-10623
-1477 (base 14) to base 4
-320301
Convert -11101010111 (base 2) to base 6.
-12411
Convert 2010200 (base 3) to base 13.
92a
6387 (base 10) to base 3
22202120
131d (base 14) to base 11
2584
-4125 (base 6) to base 5
-12132
Convert -a84 (base 14) to base 9.
-2756
What is 576 (base 12) in base 15?
390
What is 63441 (base 9) in base 8?
121672
Convert -2020001 (base 3) to base 11.
-1244
What is 121011 (base 3) in base 12?
304
121101 (base 4) to base 11
1240
Convert 100335 (base 7) to base 15.
5070
Convert -32890 (base 10) to base 2.
-1000000001111010
What is 110101101001100 (base 2) in base 6?
331100
-13cb (base 13) to base 16
-b37
Convert -426 (base 10) to base 8.
-652
Convert 3829 (base 13) to base 7.
32155
What is 242133 (base 5) in base 10?
9043
41004 (base 5) to base 10
2629
Convert -1215544 (base 6) to base 8.
-176430
Convert -670a (base 13) to base 16.
-3827
What is b9b (base 16) in base 2?
101110011011
Convert -28 (base 11) to base 12.
-26
What is -43 (base 15) in base 5?
-223
Convert -110003 (base 4) to base 7.
-3512
Convert -11214 (base 5) to base 2.
-1100101001
Convert 2c6a (base 14) to base 16.
1efe
What is 1545 (base 6) in base 5?
3200
What is 40180 (base 9) in base 4?
12130131
Convert 1173 (base 11) to base 13.
90b
Convert -1232031 (base 5) to base 15.
-71b1
Convert -52204 (base 7) to base 10.
-12793
What is 2241 (base 8) in base 5?
14220
Convert -89 (base 14) to base 12.
-a1
What is 4441 (base 12) in base 10?
7537
Convert -624 (base 11) to base 14.
-3ba
What is 113313 (base 4) in base 12?
a73
Convert 2e (base 16) to base 5.
141
Convert -570 (base 13) to base 5.
-12221
What is -16033 (base 7) in base 6?
-32431
What is -2296 (base 10) in base 7?
-6460
Convert 939 (base 14) to base 7.
5202
Convert 5e4 (base 15) to base 2.
10100111011
-2120022000 (base 3) to base 10
-50517
What is -1101100000100011 (base 2) in base 4?
-31200203
Convert -1478 (base 15) to base 7.
-15536
Convert 41140 (base 5) to base 6.
20210
Convert 313541 (base 6) to base 14.
93db
Convert 9db (base 16) to base 15.
b33
What is -10a (base 16) in base 8?
-412
Convert a82 (base 11) to base 9.
1704
What is 5c7e (base 16) in base 6?
301342
-1023 (base 10) to base 13
-609
Convert 320120 (base 4) to base 12.
2108
-10022120 (base 4) to base 15
-50b8
-100140 (base 5) to base 6
-22402
393 (base 12) to base